{"id":1604,"date":"2025-12-18T10:27:21","date_gmt":"2025-12-18T09:27:21","guid":{"rendered":"https:\/\/letude-fabbro.ch\/?post_type=person&#038;p=1604"},"modified":"2026-01-13T08:16:15","modified_gmt":"2026-01-13T07:16:15","slug":"alexis-overney","status":"publish","type":"person","link":"https:\/\/letude-fabbro.ch\/de\/team\/alexis-overney\/","title":{"rendered":"Alexis Overney"},"content":{"rendered":"\n<p>Als erfahrener Anwalt mit mehr als 30 Jahren Berufserfahrung im Bereich der zivilrechtlichen Haftung und des Versicherungsrechts (Privat- und Sozialversicherungen) hat Alexis Overney besondere Fachkenntnisse in der Verteidigung von Gesch\u00e4digten, insbesondere von Unfallopfern, erworben. Dar\u00fcber hinaus hat er zahlreiche Mandanten in den Bereichen Arzthaftungsrecht und Strassenverkehrsrecht beraten.<\/p>\n\n\n\n<p>Tout en exer\u00e7ant l\u2019activit\u00e9 classique d\u2019avocat, par les exp\u00e9riences qu\u2019il a pu acqu\u00e9rir dans diff\u00e9rents mandats publics, il conseille \u00e9galement plusieurs collectivit\u00e9s publiques dans leurs diff\u00e9rends administratifs ainsi que dans la r\u00e9daction de lois, de r\u00e8glements et dans la conduite d\u2019enqu\u00eates administratives. Il a \u00e9galement acquis de larges comp\u00e9tences dans le domaine du droit forestier.<\/p>\n\n\n\n<p>Neben seiner klassischen T\u00e4tigkeit als Anwalt ber\u00e4t er aufgrund seiner Erfahrungen, die er in verschiedenen \u00f6ffentlichen \u00c4mtern gesammelt hat, auch mehrere \u00f6ffentliche K\u00f6rperschaften in Verwaltungsstreitigkeiten sowie bei der Ausarbeitung von Gesetzen und Verordnungen und bei der Durchf\u00fchrung von Administrativuntersuchungen. Dar\u00fcber hinaus hat er sich umfassende Kompetenzen im Bereich des Waldrechts angeeignet.<\/p>\n\n\n\n<p>Neben seiner T\u00e4tigkeit als Anwalt ist er Autor mehrerer Publikationen, vor allem in den Bereichen Haftpflicht- und Versicherungsrecht, und h\u00e4lt jedes Jahr Vortr\u00e4ge zu diesen Themen. Schliesslich ist er in der Ausbildung von Fachanw\u00e4lten SAV f\u00fcr Haftpflicht- und Versicherungsrecht t\u00e4tig.<\/p>\n","protected":false},"featured_media":1099,"template":"","meta":{"_acf_changed":true,"_et_pb_use_builder":"","_et_pb_old_content":"","_et_gb_content_width":""},"succursale":[53],"class_list":["post-1604","person","type-person","status-publish","has-post-thumbnail","hentry"],"acf":[],"_links":{"self":[{"href":"https:\/\/letude-fabbro.ch\/de\/wp-json\/wp\/v2\/person\/1604","targetHints":{"allow":["GET"]}}],"collection":[{"href":"https:\/\/letude-fabbro.ch\/de\/wp-json\/wp\/v2\/person"}],"about":[{"href":"https:\/\/letude-fabbro.ch\/de\/wp-json\/wp\/v2\/types\/person"}],"wp:featuredmedia":[{"embeddable":true,"href":"https:\/\/letude-fabbro.ch\/de\/wp-json\/wp\/v2\/media\/1099"}],"wp:attachment":[{"href":"https:\/\/letude-fabbro.ch\/de\/wp-json\/wp\/v2\/media?parent=1604"}],"wp:term":[{"taxonomy":"succursale","embeddable":true,"href":"https:\/\/letude-fabbro.ch\/de\/wp-json\/wp\/v2\/succursale?post=1604"}],"curies":[{"name":"wp","href":"https:\/\/api.w.org\/{rel}","templated":true}]}}

<p>Als erfahrener Anwalt mit mehr als 30 Jahren Berufserfahrung im Bereich der zivilrechtlichen Haftung und des Versicherungsrechts (Privat- und Sozialversicherungen) hat Alexis Overney besondere Fachkenntnisse in der Verteidigung von Geschädigten, insbesondere von Unfallopfern, erworben. Darüber hinaus hat er zahlreiche Mandanten in den Bereichen Arzthaftungsrecht und Strassenverkehrsrecht beraten.</p>



<p>Tout en exerçant l’activité classique d’avocat, par les expériences qu’il a pu acquérir dans différents mandats publics, il conseille également plusieurs collectivités publiques dans leurs différends administratifs ainsi que dans la rédaction de lois, de règlements et dans la conduite d’enquêtes administratives. Il a également acquis de larges compétences dans le domaine du droit forestier.</p>



<p>Neben seiner klassischen Tätigkeit als Anwalt berät er aufgrund seiner Erfahrungen, die er in verschiedenen öffentlichen Ämtern gesammelt hat, auch mehrere öffentliche Körperschaften in Verwaltungsstreitigkeiten sowie bei der Ausarbeitung von Gesetzen und Verordnungen und bei der Durchführung von Administrativuntersuchungen. Darüber hinaus hat er sich umfassende Kompetenzen im Bereich des Waldrechts angeeignet.</p>



<p>Neben seiner Tätigkeit als Anwalt ist er Autor mehrerer Publikationen, vor allem in den Bereichen Haftpflicht- und Versicherungsrecht, und hält jedes Jahr Vorträge zu diesen Themen. Schliesslich ist er in der Ausbildung von Fachanwälten SAV für Haftpflicht- und Versicherungsrecht tätig.</p>
