{"id":1581,"date":"2025-12-18T08:13:40","date_gmt":"2025-12-18T07:13:40","guid":{"rendered":"https:\/\/letude-fabbro.ch\/?post_type=person&#038;p=1581"},"modified":"2026-01-21T07:21:18","modified_gmt":"2026-01-21T06:21:18","slug":"chiara-lo-priore","status":"publish","type":"person","link":"https:\/\/letude-fabbro.ch\/de\/team\/chiara-lo-priore\/","title":{"rendered":"Chiara Lo Priore"},"content":{"rendered":"\n<p>Chiara Lo Priore ist seit dem 1. November 2024 als Anwaltspraktikantin t\u00e4tig und arbeitet in allen T\u00e4tigkeitsbereichen der Kanzlei. Unter der Aufsicht von L\u00e9onie Spreng arbeitet sie auch mit allen Partnern und Mitarbeitern zusammen. Ihre T\u00e4tigkeit reicht von der Beratung bis zur Vertretung vor Justiz- und Verwaltungsbeh\u00f6rden.<\/p>\n","protected":false},"featured_media":1106,"template":"","meta":{"_acf_changed":true,"_et_pb_use_builder":"","_et_pb_old_content":"","_et_gb_content_width":""},"succursale":[55],"class_list":["post-1581","person","type-person","status-publish","has-post-thumbnail","hentry"],"acf":[],"_links":{"self":[{"href":"https:\/\/letude-fabbro.ch\/de\/wp-json\/wp\/v2\/person\/1581","targetHints":{"allow":["GET"]}}],"collection":[{"href":"https:\/\/letude-fabbro.ch\/de\/wp-json\/wp\/v2\/person"}],"about":[{"href":"https:\/\/letude-fabbro.ch\/de\/wp-json\/wp\/v2\/types\/person"}],"wp:featuredmedia":[{"embeddable":true,"href":"https:\/\/letude-fabbro.ch\/de\/wp-json\/wp\/v2\/media\/1106"}],"wp:attachment":[{"href":"https:\/\/letude-fabbro.ch\/de\/wp-json\/wp\/v2\/media?parent=1581"}],"wp:term":[{"taxonomy":"succursale","embeddable":true,"href":"https:\/\/letude-fabbro.ch\/de\/wp-json\/wp\/v2\/succursale?post=1581"}],"curies":[{"name":"wp","href":"https:\/\/api.w.org\/{rel}","templated":true}]}}

<p>Chiara Lo Priore ist seit dem 1. November 2024 als Anwaltspraktikantin tätig und arbeitet in allen Tätigkeitsbereichen der Kanzlei. Unter der Aufsicht von Léonie Spreng arbeitet sie auch mit allen Partnern und Mitarbeitern zusammen. Ihre Tätigkeit reicht von der Beratung bis zur Vertretung vor Justiz- und Verwaltungsbehörden.</p>
